 the highest common factor of 65630 and 110.
10
What is the greatest common factor of 20124 and 1092?
156
Calculate the highest common factor of 950 and 247.
19
Calculate the greatest common divisor of 10405 and 15.
5
Calculate the highest common divisor of 4768 and 1024.
32
What is the greatest common factor of 7220 and 445?
5
What is the highest common divisor of 495 and 915?
15
Calculate the greatest common divisor of 15718 and 14.
2
What is the highest common factor of 831343 and 218?
109
Calculate the highest common divisor of 321 and 84209.
107
Calculate the greatest common factor of 85 and 305.
5
Calculate the highest common factor of 85 and 1961035.
85
Calculate the greatest common factor of 56358 and 341.
31
Calculate the greatest common factor of 249 and 6086805.
249
Calculate the greatest common factor of 27104 and 2912.
224
What is the highest common divisor of 74 and 38517?
37
What is the highest common factor of 174824 and 1456?
104
Calculate the greatest common divisor of 3933 and 10583.
19
What is the greatest common factor of 7645 and 292039?
1529
What is the greatest common divisor of 272 and 14671?
17
What is the greatest common factor of 14 and 1883?
7
What is the highest common divisor of 6677 and 341?
11
What is the highest common factor of 31711 and 152?
19
Calculate the highest common factor of 48 and 21600.
48
What is the highest common divisor of 53 and 1749583?
53
Calculate the greatest common factor of 3336 and 132.
12
Calculate the highest common divisor of 62 and 3733547.
31
What is the greatest common divisor of 462 and 14982?
66
What is the greatest common factor of 31380 and 60?
60
Calculate the greatest common factor of 7049 and 1729.
133
Calculate the highest common divisor of 2152170 and 6.
6
What is the highest common divisor of 57161 and 559?
13
What is the highest common divisor of 162 and 1710?
18
Calculate the greatest common factor of 416 and 39236.
4
Calculate the greatest common divisor of 20880 and 18.
18
What is the highest common divisor of 649 and 467?
1
What is the highest common divisor of 2728 and 14872?
88
What is the greatest common divisor of 14625678 and 669?
669
Calculate the highest common factor of 470440 and 2090.
190
Calculate the highest common factor of 9 and 147093.
3
Calculate the greatest common divisor of 448 and 310448.
16
What is the greatest common factor of 155 and 19344?
31
What is the greatest common divisor of 90 and 18648?
18
Calculate the greatest common factor of 3 and 1203927.
3
What is the highest common factor of 183 and 62679?
3
Calculate the highest common factor of 500656 and 1872.
208
What is the greatest common divisor of 721774 and 334?
334
What is the greatest common factor of 42400 and 23108?
212
Calculate the greatest common factor of 7712 and 4097.
241
What is the greatest common factor of 4466 and 4858?
14
What is the highest common factor of 26 and 55640?
26
What is the greatest common factor of 936 and 7137?
117
What is the greatest common divisor of 662664 and 40?
8
What is the greatest common divisor of 13021 and 725?
29
Calculate the greatest common divisor of 6187 and 1357.
23
What is the greatest common factor of 5840 and 5380?
20
Calculate the greatest common divisor of 1140 and 46260.
60
What is the highest common factor of 479626 and 14?
14
Calculate the highest common factor of 2373 and 127351.
791
What is the greatest common divisor of 248 and 5828?
124
Calculate the highest common factor of 16896 and 25971.
33
What is the highest common divisor of 49390 and 3143?
449
What is the highest common divisor of 154 and 129794?
14
What is the greatest common factor of 494 and 73853?
247
Calculate the highest common factor of 483 and 6607923.
483
What is the greatest common divisor of 17142 and 12?
6
Calculate the highest common factor of 532 and 41097.
133
What is the greatest common divisor of 6973 and 9175?
367
Calculate the greatest common divisor of 4200 and 246.
6
Calculate the highest common divisor of 609 and 7047.
87
Calculate the greatest common factor of 216 and 235344.
24
Calculate the greatest common divisor of 11444940 and 1005.
1005
What is the greatest common divisor of 47 and 1425369?
47
What is the greatest common divisor of 1343 and 31679?
79
What is the greatest common factor of 4416 and 9775?
23
What is the greatest common factor of 652 and 3175077?
163
What is the greatest common factor of 5254 and 8?
2
Calculate the greatest common divisor of 186483 and 33.
33
What is the greatest common factor of 13180 and 3260?
20
What is the greatest common divisor of 4448 and 118567?
139
Calculate the greatest common divisor of 240 and 20208.
48
Calculate the highest common factor of 85 and 2055.
5
Calculate the greatest common factor of 41 and 245057.
41
What is the highest common divisor of 13631 and 1?
1
Calculate the highest common factor of 52836 and 252.
84
Calculate the highest common factor of 69759 and 50550.
1011
Calculate the greatest common divisor of 87 and 27.
3
Calculate the highest common factor of 1192 and 790594.
298
What is the highest common factor of 16277 and 4510?
41
Calculate the greatest common divisor of 214100 and 100.
100
Calculate the highest common factor of 790 and 1440.
10
What is the greatest common divisor of 15580 and 21128?
76
What is the highest common factor of 28248 and 55?
11
What is the greatest common divisor of 60 and 14380?
20
Calculate the highest common divisor of 11271 and 11115.
39
What is the greatest common divisor of 753258 and 132?
66
What is the highest common divisor of 1020 and 963288?
204
What is the highest common divisor of 30 and 56370?
30
Calculate the highest common divisor of 155841 and 12423.
123
What is the greatest common factor of 24 and 1540184?
8
What is the highest common factor of 13949 and 91?
13
Calculate the highest common factor of 710 and 1930.
10
Calculate the greatest common divisor of 35278 and 1860.
62
What is the greatest common factor of 175 and 7?
7
What is the greatest common divisor of 30 and 24918?
6
Calculate the highest common factor of 2244 and 704.
44
What is the greatest common divisor of 1885 and 14790?
145
Calculate the highest common factor of 7601 and 382814.
691
What is the highest common divisor of 4825 and 2509?
193
Calculate the greatest common factor of 9813356 and 3752.
1876
Calculate the highest common divisor of 3427 and 2001.
23
What is the greatest common factor of 17141 and 153707?
281
What is the greatest common factor of 813112 and 10184?
536
Calculate the greatest common divisor of 1274766 and 6.
6
What is the highest common factor of 1960 and 3479?
49
Calculate the highest common divisor of 17 and 277423.
17
What is the highest common factor of 488 and 87169?
61
Calculate the highest common divisor of 2166 and 252339.
1083
Calculate the greatest common factor of 18158015 and 95.
95
Calculate the highest common factor of 103760 and 20.
20
Calculate the highest common divisor of 55113 and 27.
3
Calculate the greatest common factor of 77 and 132349.
7
Calculate the highest common factor of 4429 and 2369.
103
Calculate the highest common factor of 156 and 59148.
12
Calculate the highest common factor of 442 and 18512.
26
What is the greatest common factor of 502810 and 1540?
770
Calculate the highest common divisor of 589 and 5016.
19
Calculate the highest common divisor of 70 and 764505.
35
Calculate the highest common divisor of 73625 and 13547.
589
What is the greatest common divisor of 2379063 and 111?
111
Calculate the greatest common factor of 257616 and 160.
16
What is the highest common divisor of 48 and 1082388?
12
Calculate the highest common divisor of 1535 and 5.
5
Calculate the greatest common divisor of 8 and 4164960.
8
What is the highest common factor of 3479 and 56?
7
What is the highest common factor of 1013875 and 375?
125
Calculate the greatest common factor of 447 and 917691.
447
Calculate the highest common factor of 9141 and 6402.
33
What is the highest common divisor of 95010 and 125?
5
Calculate the greatest common factor of 225 and 226025.
25
What is the greatest common factor of 220 and 11830940?
220
What is the greatest common factor of 155223 and 270?
27
Calculate the highest common divisor of 103721 and 